{"id":534,"date":"2016-04-18T16:54:39","date_gmt":"2016-04-18T14:54:39","guid":{"rendered":"http:\/\/messermacherbedarf.de\/ressourcen\/?page_id=534"},"modified":"2024-08-03T12:16:12","modified_gmt":"2024-08-03T10:16:12","slug":"arbeiten-mit-schmiedezangen","status":"publish","type":"page","link":"https:\/\/messermacherbedarf.de\/ressourcen\/arbeiten-mit-schmiedezangen\/","title":{"rendered":"Arbeiten mit Schmiedezangen"},"content":{"rendered":"<h1><strong><span style=\"font-family: arial, helvetica, sans-serif; font-size: 18pt;\">Arbeiten mit Schmiedezangen<\/span><\/strong><\/h1>\n<p><span style=\"font-size: 12pt; font-family: arial,helvetica,sans-serif;\"><strong>Worauf muss ich achten ?<\/strong><\/span><\/p>\n<div><span style=\"font-family: arial, helvetica, sans-serif; font-size: 14pt;\">Die Schmiedezange dient&nbsp;zum Halten der Werkst\u00fccke w\u00e4hrend des Schmiedens. Beim Aufheizen auf Schmiedetemperatur wird das Werkst\u00fcck in der <a href=\"http:\/\/messermacherbedarf.de\/ressourcen\/arbeiten-mit-der-gasesse\/\" target=\"_blank\" rel=\"noopener\">Gasesse<\/a> abgelegt.<\/span><\/div>\n<div><\/div>\n<div><strong><span style=\"font-family: arial, helvetica, sans-serif; font-size: 14pt;\">Achtung : Die Schmiedezange wird w\u00e4hrend des Aufheizens des Werkst\u00fccks&nbsp;nicht&nbsp;in der Gasesse gehalten !<\/span><\/strong><\/div>\n<div><\/div>\n<div><span style=\"font-family: arial, helvetica, sans-serif; font-size: 14pt;\">Andere Schmiedefeuer Typen sind z.B. Kohlefeuer, welche entweder mit Steinkohle, Holzkohle oder Schmiedekoks betrieben werden.<\/span><\/div>\n<div><span style=\"font-family: arial, helvetica, sans-serif; font-size: 14pt;\">&nbsp;<\/span><\/div>\n<div><span style=\"font-family: arial, helvetica, sans-serif; font-size: 14pt;\">Schmiedezangen sind im Normalfall aus einem nicht h\u00e4rtbaren z\u00e4hen Stahl geschmiedet. Sie k\u00f6nnen wenn sie einmal verbogen sind ohne weiteres wieder in Form gebracht werden.<\/span><\/div>\n<div><span style=\"font-family: arial, helvetica, sans-serif; font-size: 14pt;\">Dazu sollte die Zange im Schmiedefeuer auf Temperatur gebracht&nbsp;und anschlie\u00dfend in die gew\u00fcnschte Form geschmiedet werden.<\/span><\/div>\n<div><span style=\"font-family: arial, helvetica, sans-serif; font-size: 14pt;\">Wird die Zange w\u00e4hrend des Arbeitens einmal zu hei\u00df, so kann sie ohne Probleme in Wasser gek\u00fchlt werden.<\/span><\/div>\n<div><span style=\"font-family: arial, helvetica, sans-serif; font-size: 14pt;\">Das darf mit h\u00e4rtbaren Werkst\u00fccken w\u00e4hrend des Schmiedens nicht geschehen. Hier m\u00fcssen unbedingt bestimmte Vorgehensweisen eingehalten werden um das Werkst\u00fcck nicht zu zerst\u00f6ren.<\/span><\/div>\n<div><span style=\"font-family: arial, helvetica, sans-serif; font-size: 14pt;\">&nbsp;<\/span><\/div>\n<div><span style=\"font-family: arial, helvetica, sans-serif; font-size: 14pt;\"> <a href=\"http:\/\/messermacherbedarf.de\/ressourcen\/wp-content\/uploads\/2016\/04\/Schmiedewerkzeuge03.jpg\"  rel=\"lightbox[529] attachment wp-att-1112\"><img loading=\"lazy\" class=\"alignleft wp-image-1112 size-medium\" src=\"http:\/\/messermacherbedarf.de\/ressourcen\/wp-content\/uploads\/2016\/04\/Schmiedewerkzeuge03-300x200.jpg\" alt=\"Auswahl Schmiedezangen\" width=\"300\" height=\"200\"><\/a>Wer schmiedet, bzw. schmieden lernen m\u00f6chte ben\u00f6tigt eine Grundausstattung an Schmiedewerkzeug.&nbsp;<\/span><span style=\"font-family: arial, helvetica, sans-serif; font-size: 14pt;\">Bei den Schmiedezangen&nbsp; d\u00fcrfen es schon zwei bis 3 verschiedene Gr\u00f6\u00dfen sein.&nbsp;<\/span><span style=\"font-family: arial, helvetica, sans-serif; font-size: 14pt;\">Am besten passen die 40cm, sowie&nbsp;die 50cm Schmiedezangen. F\u00fcr gro\u00dfe Werkst\u00fccke d\u00fcrfen es auch schon mal die 60cm langen Zangen sein.<\/span><\/div>\n<div><span style=\"font-family: arial, helvetica, sans-serif; font-size: 14pt;\">&nbsp;<\/span><\/div>\n<div><span style=\"font-family: arial, helvetica, sans-serif; font-size: 14pt;\">F\u00fcr leichte und kleine Arbeiten gibt es dann die 30cm Schmiedezangen.<\/span><\/div>\n<div><span style=\"font-family: arial, helvetica, sans-serif; font-size: 14pt;\">&nbsp;<\/span><\/div>\n<div><span style=\"font-family: arial, helvetica, sans-serif; font-size: 14pt;\">Ich pers\u00f6nlich arbeite meist mit den 50cm gro\u00dfen Zangen. F\u00fcr schwere Werkst\u00fccke nehme ich die 60&nbsp;cm Zangen.<\/span><\/div>\n<div><span style=\"font-family: arial, helvetica, sans-serif; font-size: 14pt;\">Ab und an ben\u00f6tige ich die 40cm gro\u00dfen Exemplare.<\/span><\/div>\n<div><span style=\"font-family: arial, helvetica, sans-serif; font-size: 14pt;\">&nbsp;<\/span><\/div>\n<div><span style=\"font-family: arial, helvetica, sans-serif; font-size: 14pt;\"><a href=\"http:\/\/messermacherbedarf.de\/ressourcen\/wp-content\/uploads\/2016\/04\/Schmiedewerkzeuge01.jpg\"  rel=\"lightbox[529] attachment wp-att-1110\"><img loading=\"lazy\" class=\"alignleft size-medium wp-image-1110\" src=\"http:\/\/messermacherbedarf.de\/ressourcen\/wp-content\/uploads\/2016\/04\/Schmiedewerkzeuge01-300x200.jpg\" alt=\"Schmiedezangen Wolfsmaul\" width=\"300\" height=\"200\"><\/a>Bei den Formen der Schmiedezangen&nbsp; gibt es nun je nach Form des Werkst\u00fcckes verschieden ausgeformte Zangenk\u00f6pfe.<\/span><\/div>\n<div><span style=\"font-family: arial, helvetica, sans-serif; font-size: 14pt;\">Links im Bild zu sehen sind zwei Wolfsmaul Schmiedeznagen.<\/span><\/div>\n<div><\/div>\n<div><span style=\"font-family: arial, helvetica, sans-serif; font-size: 14pt;\">Oben liegt eine 60cm gro\u00dfe Schmiedezange. Diese ist etwas aufgweitet um breite Werkst\u00fccke packen zu k\u00f6nnen. Damit lassen sich bis ca. 40mm breite Schienen gut fassen.<\/span><\/div>\n<div><span style=\"font-family: arial, helvetica, sans-serif; font-size: 14pt;\">Darunder liegt eine 50cm gro\u00dfe Wolfsmaulzange. &nbsp;<\/span><\/div>\n<div><span style=\"font-family: arial, helvetica, sans-serif; font-size: 14pt;\">Ganz unten und nur teilweise zu erkennen liegt eine 40cm gro\u00dfe Flachmaulzange.<\/span><\/div>\n<div><\/div>\n<div><\/div>\n<div>\n<p>Zum Schmieden eignet sich z.B. ein <a href=\"https:\/\/amzn.to\/3sVIu2T\" target=\"_blank\" rel=\"noopener\">Kugelhammer <img src=\"\/\/ws-eu.amazon-adsystem.com\/widgets\/q?_encoding=UTF8&amp;ASIN=B00F2NMVAW&amp;Format=_SL160_&amp;ID=AsinImage&amp;MarketPlace=DE&amp;ServiceVersion=20070822&amp;WS=1&amp;tag=httpwwwmesser-21&amp;language=de_DE\" border=\"0\"><\/a><\/p>\n<p>&nbsp;<\/p>\n<div><\/div>\n<p>&nbsp;<\/p>\n<p><iframe style=\"width: 120px; height: 240px;\" src=\"\/\/ws-eu.amazon-adsystem.com\/widgets\/q?ServiceVersion=20070822&amp;OneJS=1&amp;Operation=GetAdHtml&amp;MarketPlace=DE&amp;source=ss&amp;ref=as_ss_li_til&amp;ad_type=product_link&amp;tracking_id=httpwwwmesser-21&amp;language=de_DE&amp;marketplace=amazon&amp;region=DE&amp;placement=B00F2NMVAW&amp;asins=B00F2NMVAW&amp;linkId=c34d4820712fa3efe205912a1f07fcf8&amp;show_border=true&amp;link_opens_in_new_window=true\" marginwidth=\"0\" marginheight=\"0\" scrolling=\"no\" frameborder=\"0\"><\/iframe><\/p>\n<p><a href=\"https:\/\/amzn.to\/3mDpKUV\" target=\"_blank\" rel=\"noopener\">Kugelhammer<\/a><\/p>\n<p>&nbsp;<\/p>\n<div><\/div>\n<div><\/div>\n<div><\/div>\n<div><\/div>\n<div><\/div>\n<div><\/div>\n<div><\/div>\n<div><\/div>\n<div><\/div>\n<div><\/div>\n<p>&nbsp;<\/p>\n<div><\/div>\n<div><\/div>\n<div style=\"text-align: left;\"><strong><span style=\"font-family: arial, helvetica, sans-serif; font-size: 14pt;\">Die g\u00e4ngigsten Formen&nbsp;sind diese:<\/span><\/strong><\/div>\n<div><\/div>\n<ul>\n<li><span style=\"font-family: arial, helvetica, sans-serif; font-size: 14pt;\"><strong><a href=\"http:\/\/messermacherbedarf.de\/ressourcen\/produktfilter\/?min_price=0&amp;max_price=750&amp;brand=none&amp;type=none&amp;tag=flachmaulzange&amp;stars=\" target=\"_blank\" rel=\"noopener\">Flachmaulzange:<\/a><\/strong> &nbsp; &nbsp;(Flache&nbsp;Form der beiden&nbsp;&#8222;Maulh\u00e4lften&#8220;)<\/span><\/li>\n<li><span style=\"font-family: arial, helvetica, sans-serif; font-size: 14pt;\"><a href=\"http:\/\/messermacherbedarf.de\/ressourcen\/produktfilter\/?min_price=0&amp;max_price=750&amp;brand=none&amp;type=none&amp;tag=wolfsmaulzange&amp;stars=\" target=\"_blank\" rel=\"noopener\"><strong>Wolfsmaulzange:<\/strong> <\/a>&nbsp; (das &#8222;Maul&#8220; der Zange ist gezahnt f\u00fcr besseren Halt)<\/span><\/li>\n<li><span style=\"font-family: arial, helvetica, sans-serif; font-size: 14pt;\"><a href=\"http:\/\/messermacherbedarf.de\/ressourcen\/produktfilter\/?min_price=0&amp;max_price=750&amp;brand=none&amp;type=none&amp;tag=rundmaulzange&amp;stars=\" target=\"_blank\" rel=\"noopener\"><strong>Rundmaulzange<\/strong>: <\/a>&nbsp; &nbsp;(runde \u00d6ffnung des Mauls f\u00fcr Rundmaterial)<\/span><\/li>\n<li><span style=\"font-family: arial, helvetica, sans-serif; font-size: 14pt;\"><strong>Schlo\u00dfmaulzange:<\/strong> &nbsp;(eine H\u00e4lfte ist flach, die andere ist geformt wie ein U-Winkel)<\/span><\/li>\n<\/ul>\n<div><\/div>\n<p>&nbsp;<\/p>\n<div><\/div>\n<div style=\"text-align: center;\"><span style=\"color: #999999; background-color: #ffffff;\">&nbsp;<span style=\"font-family: arial, helvetica, sans-serif; font-size: 18pt;\"><strong>Hier einmal eine Auswahl der g\u00e4ngigsten Schmiedezangen<br \/>\n__________________________________________________________<\/strong><\/span><\/span><\/div>\n<div><\/div>\n<div class=\"clearfix\"><\/div>\n<div class=\"full-size produkte product-cols\">\n<div class=\"box\">\n<table class=\"table table-striped\">\n<thead>\n<tr>\n<th><\/th>\n<th>BILD<\/th>\n<th>PRODUKT<\/th>\n<th>BEWERTUNG<\/th>\n<th>BESCHREIBUNG<\/th>\n<th>PREIS<\/th>\n<th>ANGEBOT<\/th>\n<\/tr>\n<\/thead>\n<tbody>\n<tr>\n<td>            <strong>1<\/strong>        <\/td>\n<td class=\"table-image\">                            <a href=\"https:\/\/messermacherbedarf.de\/ressourcen\/marke\/gedore\/schmiedezange-flachmaulzange-30cm-laenge\/\"                   title=\"zum Produkt: Schmiedezange Flachmaulzange 30cm L\u00e4nge\">                       <img width=\"60\" height=\"60\" src=\"https:\/\/messermacherbedarf.de\/ressourcen\/wp-content\/uploads\/2016\/04\/gedore_schmiedezange_540_300mm-60x60.jpg\" class=\"attachment-product_highscore size-product_highscore wp-post-image\" alt=\"\" loading=\"lazy\" \/>                <\/a>                    <\/td>\n<td>        <span><a href=\"https:\/\/messermacherbedarf.de\/ressourcen\/marke\/gedore\/schmiedezange-flachmaulzange-30cm-laenge\/\"                 title=\"zum Produkt: Schmiedezange Flachmaulzange 30cm L\u00e4nge\">Schmiedezange Flachmaulzange 30cm L\u00e4nge<\/a><\/span>    <\/td>\n<td class=\"table-rating\">\n<div class=\"rating\" style=\"height:36px;\"><i class=\"fa fa-star stars\"><\/i><i class=\"fa fa-star stars\"><\/i><i class=\"fa fa-star stars\"><\/i><i class=\"fa fa-star stars\"><\/i><i class=\"fa fa-star stars\"><\/i><\/div>\n<\/td>\n<td class=\"table-btn\">            <a href=\"https:\/\/messermacherbedarf.de\/ressourcen\/marke\/gedore\/schmiedezange-flachmaulzange-30cm-laenge\/\" class=\"btn btn-detail btn-block\">Produktbeschreibung &rsaquo;<\/a>        <\/td>\n<td class=\"table-price\">                            <strong>29,20  *<\/strong>                                <\/p>\n<p class=\"modified\"><small>*  | am 10.05.2018 um 16:50 Uhr aktualisiert<\/small><\/p>\n<\/td>\n<td class=\"table-btn\">                            <a href=\"http:\/\/www.amazon.de\/dp\/B000UYUMGI\/?tag=httpwwwmesser-21\" class=\"btn btn-block btn-ap\" target=\"_blank\"                   rel=\"nofollow\">                       Jetzt bei Amazon ansehen                <\/a>                    <\/td>\n<\/tr>\n<tr>\n<td>            <strong>2<\/strong>        <\/td>\n<td class=\"table-image\">                            <a href=\"https:\/\/messermacherbedarf.de\/ressourcen\/marke\/gedore\/schmiedezange-wolfsmaulzange-30cm-laenge\/\"                   title=\"zum Produkt: Schmiedezange Wolfsmaulzange 30cm L\u00e4nge\">                       <img width=\"60\" height=\"60\" src=\"https:\/\/messermacherbedarf.de\/ressourcen\/wp-content\/uploads\/2016\/04\/gedore_schmiedezange_540_300_wolfsmaul-60x60.jpg\" class=\"attachment-product_highscore size-product_highscore wp-post-image\" alt=\"\" loading=\"lazy\" \/>                <\/a>                    <\/td>\n<td>        <span><a href=\"https:\/\/messermacherbedarf.de\/ressourcen\/marke\/gedore\/schmiedezange-wolfsmaulzange-30cm-laenge\/\"                 title=\"zum Produkt: Schmiedezange Wolfsmaulzange 30cm L\u00e4nge\">Schmiedezange Wolfsmaulzange 30cm L\u00e4nge<\/a><\/span>    <\/td>\n<td class=\"table-rating\">\n<div class=\"rating\" style=\"height:36px;\"><i class=\"fa fa-star stars\"><\/i><i class=\"fa fa-star stars\"><\/i><i class=\"fa fa-star stars\"><\/i><i class=\"fa fa-star stars\"><\/i><i class=\"fa fa-star stars\"><\/i><\/div>\n<\/td>\n<td class=\"table-btn\">            <a href=\"https:\/\/messermacherbedarf.de\/ressourcen\/marke\/gedore\/schmiedezange-wolfsmaulzange-30cm-laenge\/\" class=\"btn btn-detail btn-block\">Produktbeschreibung &rsaquo;<\/a>        <\/td>\n<td class=\"table-price\">                            <strong>36,70  *<\/strong>                                <\/p>\n<p class=\"modified\"><small>*  | am 10.05.2018 um 16:50 Uhr aktualisiert<\/small><\/p>\n<\/td>\n<td class=\"table-btn\">                            <a href=\"http:\/\/www.amazon.de\/dp\/B000UYZ498\/?tag=httpwwwmesser-21\" class=\"btn btn-block btn-ap\" target=\"_blank\"                   rel=\"nofollow\">                       Jetzt bei Amazon ansehen                <\/a>                    <\/td>\n<\/tr>\n<tr>\n<td>            <strong>3<\/strong>        <\/td>\n<td class=\"table-image\">                            <a href=\"https:\/\/messermacherbedarf.de\/ressourcen\/marke\/maw\/schmiedezange-wolfsmaulzange-40cm-laenge-3\/\"                   title=\"zum Produkt: Schmiedezange Wolfsmaulzange 40cm L\u00e4nge\">                       <img width=\"60\" height=\"60\" src=\"https:\/\/messermacherbedarf.de\/ressourcen\/wp-content\/uploads\/2016\/04\/schmiedezange_400mm_wolfsmaul-60x60.jpg\" class=\"attachment-product_highscore size-product_highscore wp-post-image\" alt=\"\" loading=\"lazy\" \/>                <\/a>                    <\/td>\n<td>        <span><a href=\"https:\/\/messermacherbedarf.de\/ressourcen\/marke\/maw\/schmiedezange-wolfsmaulzange-40cm-laenge-3\/\"                 title=\"zum Produkt: Schmiedezange Wolfsmaulzange 40cm L\u00e4nge\">Schmiedezange Wolfsmaulzange 40cm L\u00e4nge<\/a><\/span>    <\/td>\n<td class=\"table-rating\">\n<div class=\"rating\" style=\"height:36px;\"><\/div>\n<\/td>\n<td class=\"table-btn\">            <a href=\"https:\/\/messermacherbedarf.de\/ressourcen\/marke\/maw\/schmiedezange-wolfsmaulzange-40cm-laenge-3\/\" class=\"btn btn-detail btn-block\">Produktbeschreibung &rsaquo;<\/a>        <\/td>\n<td class=\"table-price\">                            <strong>36,90  *<\/strong>                                <\/p>\n<p class=\"modified\"><small>*  | am 10.05.2018 um 16:50 Uhr aktualisiert<\/small><\/p>\n<\/td>\n<td class=\"table-btn\">                            <a href=\"http:\/\/www.amazon.de\/dp\/B008F14S54\/?tag=httpwwwmesser-21\" class=\"btn btn-block btn-ap\" target=\"_blank\"                   rel=\"nofollow\">                       Jetzt bei Amazon ansehen                <\/a>                    <\/td>\n<\/tr>\n<tr>\n<td>            <strong>4<\/strong>        <\/td>\n<td class=\"table-image\">                            <a href=\"https:\/\/messermacherbedarf.de\/ressourcen\/marke\/gedore\/schmiedezange-flachmaulzange-40cm-laenge-2\/\"                   title=\"zum Produkt: Schmiedezange Flachmaulzange 40cm L\u00e4nge\">                       <img width=\"60\" height=\"60\" src=\"https:\/\/messermacherbedarf.de\/ressourcen\/wp-content\/uploads\/2016\/04\/gedore_schmiedezange_705_flach_400mm_-60x60.jpg\" class=\"attachment-product_highscore size-product_highscore wp-post-image\" alt=\"\" loading=\"lazy\" \/>                <\/a>                    <\/td>\n<td>        <span><a href=\"https:\/\/messermacherbedarf.de\/ressourcen\/marke\/gedore\/schmiedezange-flachmaulzange-40cm-laenge-2\/\"                 title=\"zum Produkt: Schmiedezange Flachmaulzange 40cm L\u00e4nge\">Schmiedezange Flachmaulzange 40cm L\u00e4nge<\/a><\/span>    <\/td>\n<td class=\"table-rating\">\n<div class=\"rating\" style=\"height:36px;\"><\/div>\n<\/td>\n<td class=\"table-btn\">            <a href=\"https:\/\/messermacherbedarf.de\/ressourcen\/marke\/gedore\/schmiedezange-flachmaulzange-40cm-laenge-2\/\" class=\"btn btn-detail btn-block\">Produktbeschreibung &rsaquo;<\/a>        <\/td>\n<td class=\"table-price\">                            <strong>32,01  *<\/strong>                                <\/p>\n<p class=\"modified\"><small>*  | am 10.05.2018 um 16:50 Uhr aktualisiert<\/small><\/p>\n<\/td>\n<td class=\"table-btn\">                            <a href=\"http:\/\/www.amazon.de\/dp\/B000UYZ49I\/?tag=httpwwwmesser-21\" class=\"btn btn-block btn-ap\" target=\"_blank\"                   rel=\"nofollow\">                       Jetzt bei Amazon ansehen                <\/a>                    <\/td>\n<\/tr>\n<tr>\n<td>            <strong>5<\/strong>        <\/td>\n<td class=\"table-image\">                            <a href=\"https:\/\/messermacherbedarf.de\/ressourcen\/marke\/gedore\/schmiedezange-rundmaulzange-50cm-laenge-2\/\"                   title=\"zum Produkt: Schmiedezange Rundmaulzange 50cm L\u00e4nge\">                       <img width=\"60\" height=\"60\" src=\"https:\/\/messermacherbedarf.de\/ressourcen\/wp-content\/uploads\/2016\/04\/gedore_schmiedezange_wolfsmaul_500mm-60x60.jpg\" class=\"attachment-product_highscore size-product_highscore wp-post-image\" alt=\"\" loading=\"lazy\" \/>                <\/a>                    <\/td>\n<td>        <span><a href=\"https:\/\/messermacherbedarf.de\/ressourcen\/marke\/gedore\/schmiedezange-rundmaulzange-50cm-laenge-2\/\"                 title=\"zum Produkt: Schmiedezange Rundmaulzange 50cm L\u00e4nge\">Schmiedezange Rundmaulzange 50cm L\u00e4nge<\/a><\/span>    <\/td>\n<td class=\"table-rating\">\n<div class=\"rating\" style=\"height:36px;\"><\/div>\n<\/td>\n<td class=\"table-btn\">            <a href=\"https:\/\/messermacherbedarf.de\/ressourcen\/marke\/gedore\/schmiedezange-rundmaulzange-50cm-laenge-2\/\" class=\"btn btn-detail btn-block\">Produktbeschreibung &rsaquo;<\/a>        <\/td>\n<td class=\"table-price\">                            <strong>40,49  *<\/strong>                                <\/p>\n<p class=\"modified\"><small>*  | am 10.05.2018 um 16:50 Uhr aktualisiert<\/small><\/p>\n<\/td>\n<td class=\"table-btn\">                            <a href=\"http:\/\/www.amazon.de\/dp\/B000UYUMF4\/?tag=httpwwwmesser-21\" class=\"btn btn-block btn-ap\" target=\"_blank\"                   rel=\"nofollow\">                       Jetzt bei Amazon ansehen                <\/a>                    <\/td>\n<\/tr>\n<tr>\n<td>            <strong>6<\/strong>        <\/td>\n<td class=\"table-image\">                            <a href=\"https:\/\/messermacherbedarf.de\/ressourcen\/marke\/gedore\/schmiedezange-flachmaulzange-50-cm-laenge\/\"                   title=\"zum Produkt: Schmiedezange Flachmaulzange 50 cm L\u00e4nge\">                       <img width=\"60\" height=\"60\" src=\"https:\/\/messermacherbedarf.de\/ressourcen\/wp-content\/uploads\/2016\/04\/gedore_schmiedezange_230_500mm_flachmaul_-60x60.jpg\" class=\"attachment-product_highscore size-product_highscore wp-post-image\" alt=\"\" loading=\"lazy\" \/>                <\/a>                    <\/td>\n<td>        <span><a href=\"https:\/\/messermacherbedarf.de\/ressourcen\/marke\/gedore\/schmiedezange-flachmaulzange-50-cm-laenge\/\"                 title=\"zum Produkt: Schmiedezange Flachmaulzange 50 cm L\u00e4nge\">Schmiedezange Flachmaulzange 50 cm L\u00e4nge<\/a><\/span>    <\/td>\n<td class=\"table-rating\">\n<div class=\"rating\" style=\"height:36px;\"><\/div>\n<\/td>\n<td class=\"table-btn\">            <a href=\"https:\/\/messermacherbedarf.de\/ressourcen\/marke\/gedore\/schmiedezange-flachmaulzange-50-cm-laenge\/\" class=\"btn btn-detail btn-block\">Produktbeschreibung &rsaquo;<\/a>        <\/td>\n<td class=\"table-price\">                            <strong>38,01  *<\/strong>                                <\/p>\n<p class=\"modified\"><small>*  | am 10.05.2018 um 16:50 Uhr aktualisiert<\/small><\/p>\n<\/td>\n<td class=\"table-btn\">                            <a href=\"http:\/\/www.amazon.de\/dp\/B000UZ0T5G\/?tag=httpwwwmesser-21\" class=\"btn btn-block btn-ap\" target=\"_blank\"                   rel=\"nofollow\">                       Jetzt bei Amazon ansehen                <\/a>                    <\/td>\n<\/tr>\n<tr>\n<td>            <strong>7<\/strong>        <\/td>\n<td class=\"table-image\">                            <a href=\"https:\/\/messermacherbedarf.de\/ressourcen\/marke\/becma\/schmiedezange-wolfsmaul-50cm-laenge\/\"                   title=\"zum Produkt: Schmiedezange  Wolfsmaul 50cm l\u00e4nge\">                       <img width=\"60\" height=\"60\" src=\"https:\/\/messermacherbedarf.de\/ressourcen\/wp-content\/uploads\/2016\/04\/becma_schmiedezange_500_mm-wolfsmaul-60x60.jpg\" class=\"attachment-product_highscore size-product_highscore wp-post-image\" alt=\"Schmiedezange Wolfsmaul 50cm\" loading=\"lazy\" \/>                <\/a>                    <\/td>\n<td>        <span><a href=\"https:\/\/messermacherbedarf.de\/ressourcen\/marke\/becma\/schmiedezange-wolfsmaul-50cm-laenge\/\"                 title=\"zum Produkt: Schmiedezange  Wolfsmaul 50cm l\u00e4nge\">Schmiedezange  Wolfsmaul 50cm l\u00e4nge<\/a><\/span>    <\/td>\n<td class=\"table-rating\">\n<div class=\"rating\" style=\"height:36px;\"><\/div>\n<\/td>\n<td class=\"table-btn\">            <a href=\"https:\/\/messermacherbedarf.de\/ressourcen\/marke\/becma\/schmiedezange-wolfsmaul-50cm-laenge\/\" class=\"btn btn-detail btn-block\">Produktbeschreibung &rsaquo;<\/a>        <\/td>\n<td class=\"table-price\">                            <strong>29.50  *<\/strong>                                <\/p>\n<p class=\"modified\"><small>*  | am 27.04.2016 um 23:35 Uhr aktualisiert<\/small><\/p>\n<\/td>\n<td class=\"table-btn\">                            <a href=\"http:\/\/rover.ebay.com\/rover\/1\/707-53477-19255-0\/1?campid=5337820057&#038;customid=5575140629&#038;toolid=10018&#038;mpre=http%3A%2F%2Fwww.ebay.de%2Fitm%2FBECMA-Wolfsmaulschmiedezange-Schmiedezange-50cm-%2F161948980292\" class=\"btn btn-block btn-ap\" target=\"_blank\"                   rel=\"nofollow\">                       Jetzt bei Ebay kaufen                <\/a>                    <\/td>\n<\/tr>\n<\/tbody>\n<\/table>\n<\/div>\n<div class=\"clearfix\"><\/div>\n<\/div>\n<div class=\"ad-mobile text-center ad-highscore\"> <\/div>\n<div class=\"clearfix\"><\/div>\n<div class=\"box content after-product\">\n<\/div>\n<div><\/div>\n<div><\/div>\n<div><\/div>\n<div><span style=\"font-family: arial, helvetica, sans-serif; font-size: 14pt;\">Mit diesen Formen kommt man schon ein ganzes St\u00fcck weit. Weitere Sonderformen gibt es, werden aber&nbsp;zum Schmieden von Klingen nicht so h\u00e4ufig ben\u00f6tigt.<\/span><\/div>\n<div><span style=\"font-family: arial, helvetica, sans-serif; font-size: 14pt;\">Wer m\u00f6chte kann sich nat\u00fcrlich seine Zangen auch selbst schmieden. Wem das komplette Neuschmieden zu aufw\u00e4ndig ist, kann evtl. eine Zange zur Schmiedezange umarbeiten.<\/span><\/div>\n<div><span style=\"font-family: arial, helvetica, sans-serif; font-size: 14pt;\">Wie das aussehen k\u00f6nnte habe ich hier unter &nbsp;<strong><a href=\"http:\/\/messermacherbedarf.de\/ressourcen\/zange-umschmieden-zur-schmiedezange\/\" target=\"_blank\" rel=\"noopener\">Zange umschmieden zur Schmiedezange beschrieben.<\/a><\/strong><\/span><\/div>\n<div><\/div>\n<div><span style=\"font-family: arial, helvetica, sans-serif; font-size: 14pt;\">Eine weitere Alternative zum Neukauf oder zum Selber schmieden ist das kaufen gebrauchter Schmiedewerkzeuge. Hier bieten sich Firmenaufl\u00f6sungen, oder regionale Kleinanzeigen an.<\/span><\/div>\n<div><span style=\"font-family: arial, helvetica, sans-serif; font-size: 14pt;\">Wer sich online nach gebrauchten Schmiedezangen umsehen will sollte mal bei <strong>Ebay<\/strong> reinschauen. Hier findet sich immer eine Auswahl gebrauchter Schmiedezangen und anderer Schmiedewerkzeuge. Ab und an kann man sogar richtige Schn\u00e4ppchen machen!&nbsp;<\/span><\/div>\n<div><span style=\"font-family: arial, helvetica, sans-serif; font-size: 14pt;\">&nbsp;<\/span><\/div>\n<div><span style=\"font-family: arial, helvetica, sans-serif; font-size: 14pt;\">Das Arbeiten mit der Schmiedezange will gelernt sein. Am Anfang ist das Handling ungewohnt, aber das gibt sich. M\u00f6chte man Schmieden lernen, so braucht man neben der Grundausstattung an Schmiedewerkzeug auch eine gute Portion Durchhalteverm\u00f6gen. Nicht immer klappt alles auf Anhieb. Oftmals muss man es mehrfach versuchen bis es dann funktioniert. Neben den praktischen Teil ist es sinnvoll m\u00f6glichst viel zum Thema zu lesen und sich mit der Materie besch\u00e4ftigen.<\/span><\/div>\n<\/div>\n","protected":false},"excerpt":{"rendered":"<p>Arbeiten mit Schmiedezangen Worauf muss ich achten ? Die Schmiedezange dient&nbsp;zum Halten der Werkst\u00fccke w\u00e4hrend des Schmiedens. Beim Aufheizen auf Schmiedetemperatur wird das Werkst\u00fcck in der Gasesse abgelegt. Achtung : Die Schmiedezange wird w\u00e4hrend des Aufheizens des Werkst\u00fccks&nbsp;nicht&nbsp;in der Gasesse gehalten ! Andere Schmiedefeuer Typen sind z.B. Kohlefeuer, welche entweder mit Steinkohle, Holzkohle oder Schmiedekoks [&hellip;]<\/p>\n","protected":false},"author":1,"featured_media":0,"parent":0,"menu_order":0,"comment_status":"closed","ping_status":"closed","template":"template-sidebar_rechts.php","meta":[],"yst_prominent_words":[323,332,324,236,330,329,333,317,328,331,327,232,248,325,319,318,326,321,320,322],"_links":{"self":[{"href":"https:\/\/messermacherbedarf.de\/ressourcen\/wp-json\/wp\/v2\/pages\/534"}],"collection":[{"href":"https:\/\/messermacherbedarf.de\/ressourcen\/wp-json\/wp\/v2\/pages"}],"about":[{"href":"https:\/\/messermacherbedarf.de\/ressourcen\/wp-json\/wp\/v2\/types\/page"}],"author":[{"embeddable":true,"href":"https:\/\/messermacherbedarf.de\/ressourcen\/wp-json\/wp\/v2\/users\/1"}],"replies":[{"embeddable":true,"href":"https:\/\/messermacherbedarf.de\/ressourcen\/wp-json\/wp\/v2\/comments?post=534"}],"version-history":[{"count":11,"href":"https:\/\/messermacherbedarf.de\/ressourcen\/wp-json\/wp\/v2\/pages\/534\/revisions"}],"predecessor-version":[{"id":1649,"href":"https:\/\/messermacherbedarf.de\/ressourcen\/wp-json\/wp\/v2\/pages\/534\/revisions\/1649"}],"wp:attachment":[{"href":"https:\/\/messermacherbedarf.de\/ressourcen\/wp-json\/wp\/v2\/media?parent=534"}],"wp:term":[{"taxonomy":"yst_prominent_words","embeddable":true,"href":"https:\/\/messermacherbedarf.de\/ressourcen\/wp-json\/wp\/v2\/yst_prominent_words?post=534"}],"curies":[{"name":"wp","href":"https:\/\/api.w.org\/{rel}","templated":true}]}}